{"id":98,"date":"2018-01-07T18:12:32","date_gmt":"2018-01-07T17:12:32","guid":{"rendered":"https:\/\/www.virtualberater.com\/?page_id=98"},"modified":"2018-01-07T18:12:32","modified_gmt":"2018-01-07T17:12:32","slug":"disclaimer","status":"publish","type":"page","link":"https:\/\/www.virtualberater.com\/index.php\/disclaimer\/","title":{"rendered":"Disclaimer"},"content":{"rendered":"<p><span style=\"color: #000000; font-family: Verdana; font-size: large;\">Die Inhalte dieses Webprojektes wurden sorgf\u00e4ltig gepr\u00fcft und nach bestem Wissen erstellt. Aber f\u00fcr die hier dargebotenen Informationen wird kein<br \/>\nAnspruch auf Vollst\u00e4ndigkeit, Aktualit\u00e4t, Qualit\u00e4t und Richtigkeit erhoben. Es kann keine Verantwortung f\u00fcr Sch\u00e4den \u00fcbernommen werden, die durch<br \/>\ndas Vertrauen auf die Inhalte dieser Website oder deren Gebrauch entstehen. <\/span><\/p>\n<p><span style=\"font-family: Verdana; font-size: large;\">Falls Sie vermuten, dass von dieser Website aus eines Ihrer Schutzrechte verletzt wird, teilen Sie das bitte <a href=\"https:\/\/www.virtualberater.com\/index.php\/kontakt\/\">umgehend per E-Mail<\/a> mit\u00a0damit z\u00fcgig Abhilfe geschafft werden kann. Bitte nehmen Sie zur Kenntnis: Die zeitaufw\u00e4ndigere Einschaltung eines Anwaltes zur f\u00fcr den Dienstanbieter<br \/>\nkostenpflichtigen Abmahnung entspricht nicht dessen wirklichen oder mutma\u00dflichen Willen.<br \/>\n<strong><br \/>\nHaftungshinweis:<\/strong>\u00a0 Trotz sorgf\u00e4ltiger inhaltlicher Kontrolle \u00fcbernehmen ich keine Haftung f\u00fcr die Inhalte externer Links.<br \/>\nF\u00fcr den Inhalt der verlinkten Seiten sind ausschlie\u00dflich deren Betreiber verantwortlich. Ich bem\u00fche mich stets um die Aktualit\u00e4t unserer Internetseiten.<br \/>\nSollte dennoch einmal ein Fehler auftreten, so \u00fcbernehme ich hierf\u00fcr keine Haftung. Mit Urteil vom 12.5.1998 hat das Landgericht Hamburg entschieden,<br \/>\ndass man durch die Anbringung eines Links die Inhalte der verlinkten URL ggf. mit zu verantworten hat. Dies kann, so das Landgericht, nur dadurch<br \/>\nverhindert werden, dass man sich ausdr\u00fccklich von den verlinkten Inhalten der Seiten distanziert, was ich hiermit ausdr\u00fccklich tue. Wir haben auf allen unseren Seiten Links zu anderen Homepages gelegt. F\u00fcr alle diese Links gilt folgendes:<\/span><\/p>\n<div style=\"text-align: left;\">\n<p><span style=\"color: #000000; font-family: Verdana; font-size: large;\"><span style=\"font-weight: bold;\">Ich betone ausdr\u00fccklich, dass ich keinerlei Einfluss auf die Gestaltung und die Inhalte der verlinkten Seiten haben.<\/span> <\/span><\/p>\n<p><span style=\"font-family: Verdana; font-size: large;\">Diese Erkl\u00e4rung gilt ausdr\u00fccklich auch f\u00fcr Seiten mit pornografischen und rassistischen Inhalten, da ich Pr\u00fcfungen der eingetragenen<br \/>\nSeiten nur stichprobenartig vornehmen kann. Sollten Sie solche Seiten finden bitten ich um <a href=\"https:\/\/www.virtualberater.com\/index.php\/kontakt\/\"><strong>Mitteilung<\/strong><\/a><\/span>.<\/p>\n<\/div>\n","protected":false},"excerpt":{"rendered":"<p>Die Inhalte dieses Webprojektes wurden sorgf\u00e4ltig gepr\u00fcft und nach bestem Wissen erstellt. Aber f\u00fcr die hier dargebotenen Informationen wird kein Anspruch auf Vollst\u00e4ndigkeit, Aktualit\u00e4t, Qualit\u00e4t und Richtigkeit erhoben. Es kann keine Verantwortung f\u00fcr Sch\u00e4den \u00fcbernommen werden, die durch das Vertrauen auf die Inhalte dieser Website oder deren Gebrauch entstehen. Falls [&hellip;]<\/p>\n","protected":false},"author":1,"featured_media":0,"parent":0,"menu_order":0,"comment_status":"closed","ping_status":"closed","template":"","meta":{"footnotes":""},"class_list":["post-98","page","type-page","status-publish","hentry"],"yoast_head":"<!-- This site is optimized with the Yoast SEO plugin v25.8 - https:\/\/yoast.com\/wordpress\/plugins\/seo\/ -->\n<title>Disclaimer - Virtualberater<\/title>\n<meta name=\"robots\" content=\"index, follow, max-snippet:-1, max-image-preview:large, max-video-preview:-1\" \/>\n<link rel=\"canonical\" href=\"https:\/\/www.virtualberater.com\/index.php\/disclaimer\/\" \/>\n<meta property=\"og:locale\" content=\"de_DE\" \/>\n<meta property=\"og:type\" content=\"article\" \/>\n<meta property=\"og:title\" content=\"Disclaimer - Virtualberater\" \/>\n<meta property=\"og:description\" content=\"Die Inhalte dieses Webprojektes wurden sorgf\u00e4ltig gepr\u00fcft und nach bestem Wissen erstellt. Aber f\u00fcr die hier dargebotenen Informationen wird kein Anspruch auf Vollst\u00e4ndigkeit, Aktualit\u00e4t, Qualit\u00e4t und Richtigkeit erhoben. Es kann keine Verantwortung f\u00fcr Sch\u00e4den \u00fcbernommen werden, die durch das Vertrauen auf die Inhalte dieser Website oder deren Gebrauch entstehen. Falls [&hellip;]\" \/>\n<meta property=\"og:url\" content=\"https:\/\/www.virtualberater.com\/index.php\/disclaimer\/\" \/>\n<meta property=\"og:site_name\" content=\"Virtualberater\" \/>\n<meta name=\"twitter:card\" content=\"summary_large_image\" \/>\n<meta name=\"twitter:label1\" content=\"Gesch\u00e4tzte Lesezeit\" \/>\n\t<meta name=\"twitter:data1\" content=\"1\u00a0Minute\" \/>\n<script type=\"application\/ld+json\" class=\"yoast-schema-graph\">{\"@context\":\"https:\/\/schema.org\",\"@graph\":[{\"@type\":\"WebPage\",\"@id\":\"https:\/\/www.virtualberater.com\/index.php\/disclaimer\/\",\"url\":\"https:\/\/www.virtualberater.com\/index.php\/disclaimer\/\",\"name\":\"Disclaimer - Virtualberater\",\"isPartOf\":{\"@id\":\"https:\/\/www.virtualberater.com\/#website\"},\"datePublished\":\"2018-01-07T17:12:32+00:00\",\"breadcrumb\":{\"@id\":\"https:\/\/www.virtualberater.com\/index.php\/disclaimer\/#breadcrumb\"},\"inLanguage\":\"de\",\"potentialAction\":[{\"@type\":\"ReadAction\",\"target\":[\"https:\/\/www.virtualberater.com\/index.php\/disclaimer\/\"]}]},{\"@type\":\"BreadcrumbList\",\"@id\":\"https:\/\/www.virtualberater.com\/index.php\/disclaimer\/#breadcrumb\",\"itemListElement\":[{\"@type\":\"ListItem\",\"position\":1,\"name\":\"Startseite\",\"item\":\"https:\/\/www.virtualberater.com\/\"},{\"@type\":\"ListItem\",\"position\":2,\"name\":\"Disclaimer\"}]},{\"@type\":\"WebSite\",\"@id\":\"https:\/\/www.virtualberater.com\/#website\",\"url\":\"https:\/\/www.virtualberater.com\/\",\"name\":\"Virtualberater\",\"description\":\"Java und mehr\",\"publisher\":{\"@id\":\"https:\/\/www.virtualberater.com\/#\/schema\/person\/c70d622c592ff122093a39649b040609\"},\"alternateName\":\"Java Entwicklung, Microframeworks und Cloud-Native Solutions\",\"potentialAction\":[{\"@type\":\"SearchAction\",\"target\":{\"@type\":\"EntryPoint\",\"urlTemplate\":\"https:\/\/www.virtualberater.com\/?s={search_term_string}\"},\"query-input\":{\"@type\":\"PropertyValueSpecification\",\"valueRequired\":true,\"valueName\":\"search_term_string\"}}],\"inLanguage\":\"de\"},{\"@type\":[\"Person\",\"Organization\"],\"@id\":\"https:\/\/www.virtualberater.com\/#\/schema\/person\/c70d622c592ff122093a39649b040609\",\"name\":\"Franz-Martin\",\"image\":{\"@type\":\"ImageObject\",\"inLanguage\":\"de\",\"@id\":\"https:\/\/www.virtualberater.com\/#\/schema\/person\/image\/\",\"url\":\"https:\/\/secure.gravatar.com\/avatar\/383ead0152e9bb024087006ad8dbfa33de9e321b670411b3370ad907f770a666?s=96&d=mm&r=g\",\"contentUrl\":\"https:\/\/secure.gravatar.com\/avatar\/383ead0152e9bb024087006ad8dbfa33de9e321b670411b3370ad907f770a666?s=96&d=mm&r=g\",\"caption\":\"Franz-Martin\"},\"logo\":{\"@id\":\"https:\/\/www.virtualberater.com\/#\/schema\/person\/image\/\"}}]}<\/script>\n<!-- \/ Yoast SEO plugin. -->","yoast_head_json":{"title":"Disclaimer - Virtualberater","robots":{"index":"index","follow":"follow","max-snippet":"max-snippet:-1","max-image-preview":"max-image-preview:large","max-video-preview":"max-video-preview:-1"},"canonical":"https:\/\/www.virtualberater.com\/index.php\/disclaimer\/","og_locale":"de_DE","og_type":"article","og_title":"Disclaimer - Virtualberater","og_description":"Die Inhalte dieses Webprojektes wurden sorgf\u00e4ltig gepr\u00fcft und nach bestem Wissen erstellt. Aber f\u00fcr die hier dargebotenen Informationen wird kein Anspruch auf Vollst\u00e4ndigkeit, Aktualit\u00e4t, Qualit\u00e4t und Richtigkeit erhoben. Es kann keine Verantwortung f\u00fcr Sch\u00e4den \u00fcbernommen werden, die durch das Vertrauen auf die Inhalte dieser Website oder deren Gebrauch entstehen. Falls [&hellip;]","og_url":"https:\/\/www.virtualberater.com\/index.php\/disclaimer\/","og_site_name":"Virtualberater","twitter_card":"summary_large_image","twitter_misc":{"Gesch\u00e4tzte Lesezeit":"1\u00a0Minute"},"schema":{"@context":"https:\/\/schema.org","@graph":[{"@type":"WebPage","@id":"https:\/\/www.virtualberater.com\/index.php\/disclaimer\/","url":"https:\/\/www.virtualberater.com\/index.php\/disclaimer\/","name":"Disclaimer - Virtualberater","isPartOf":{"@id":"https:\/\/www.virtualberater.com\/#website"},"datePublished":"2018-01-07T17:12:32+00:00","breadcrumb":{"@id":"https:\/\/www.virtualberater.com\/index.php\/disclaimer\/#breadcrumb"},"inLanguage":"de","potentialAction":[{"@type":"ReadAction","target":["https:\/\/www.virtualberater.com\/index.php\/disclaimer\/"]}]},{"@type":"BreadcrumbList","@id":"https:\/\/www.virtualberater.com\/index.php\/disclaimer\/#breadcrumb","itemListElement":[{"@type":"ListItem","position":1,"name":"Startseite","item":"https:\/\/www.virtualberater.com\/"},{"@type":"ListItem","position":2,"name":"Disclaimer"}]},{"@type":"WebSite","@id":"https:\/\/www.virtualberater.com\/#website","url":"https:\/\/www.virtualberater.com\/","name":"Virtualberater","description":"Java und mehr","publisher":{"@id":"https:\/\/www.virtualberater.com\/#\/schema\/person\/c70d622c592ff122093a39649b040609"},"alternateName":"Java Entwicklung, Microframeworks und Cloud-Native Solutions","potentialAction":[{"@type":"SearchAction","target":{"@type":"EntryPoint","urlTemplate":"https:\/\/www.virtualberater.com\/?s={search_term_string}"},"query-input":{"@type":"PropertyValueSpecification","valueRequired":true,"valueName":"search_term_string"}}],"inLanguage":"de"},{"@type":["Person","Organization"],"@id":"https:\/\/www.virtualberater.com\/#\/schema\/person\/c70d622c592ff122093a39649b040609","name":"Franz-Martin","image":{"@type":"ImageObject","inLanguage":"de","@id":"https:\/\/www.virtualberater.com\/#\/schema\/person\/image\/","url":"https:\/\/secure.gravatar.com\/avatar\/383ead0152e9bb024087006ad8dbfa33de9e321b670411b3370ad907f770a666?s=96&d=mm&r=g","contentUrl":"https:\/\/secure.gravatar.com\/avatar\/383ead0152e9bb024087006ad8dbfa33de9e321b670411b3370ad907f770a666?s=96&d=mm&r=g","caption":"Franz-Martin"},"logo":{"@id":"https:\/\/www.virtualberater.com\/#\/schema\/person\/image\/"}}]}},"_links":{"self":[{"href":"https:\/\/www.virtualberater.com\/index.php\/wp-json\/wp\/v2\/pages\/98","targetHints":{"allow":["GET"]}}],"collection":[{"href":"https:\/\/www.virtualberater.com\/index.php\/wp-json\/wp\/v2\/pages"}],"about":[{"href":"https:\/\/www.virtualberater.com\/index.php\/wp-json\/wp\/v2\/types\/page"}],"author":[{"embeddable":true,"href":"https:\/\/www.virtualberater.com\/index.php\/wp-json\/wp\/v2\/users\/1"}],"replies":[{"embeddable":true,"href":"https:\/\/www.virtualberater.com\/index.php\/wp-json\/wp\/v2\/comments?post=98"}],"version-history":[{"count":5,"href":"https:\/\/www.virtualberater.com\/index.php\/wp-json\/wp\/v2\/pages\/98\/revisions"}],"predecessor-version":[{"id":866,"href":"https:\/\/www.virtualberater.com\/index.php\/wp-json\/wp\/v2\/pages\/98\/revisions\/866"}],"wp:attachment":[{"href":"https:\/\/www.virtualberater.com\/index.php\/wp-json\/wp\/v2\/media?parent=98"}],"curies":[{"name":"wp","href":"https:\/\/api.w.org\/{rel}","templated":true}]}}